{"version":"1.0","provider_name":"FODER","provider_url":"https:\/\/www.fo-der.org\/en","title":"3rd Financial Literacy and Inclusion Conference - FODER","type":"rich","width":600,"height":338,"html":"<blockquote class=\"wp-embedded-content\"><a href=\"https:\/\/www.fo-der.org\/en\/3rd-financial-literacy-and-inclusion-conference\/\">3rd Financial Literacy and Inclusion Conference<\/a><\/blockquote>\n<script type='text\/javascript'>\n<!--\/\/--><![CDATA[\/\/><!--\n\t\t\/*! This file is auto-generated *\/\n\t\t!function(d,l){\"use strict\";var e=!1,n=!1;if(l.querySelector)if(d.addEventListener)e=!0;if(d.wp=d.wp||{},!d.wp.receiveEmbedMessage)if(d.wp.receiveEmbedMessage=function(e){var t=e.data;if(t)if(t.secret||t.message||t.value)if(!\/[^a-zA-Z0-9]\/.test(t.secret)){for(var r,i,a,s=l.querySelectorAll('iframe[data-secret=\"'+t.secret+'\"]'),n=l.querySelectorAll('blockquote[data-secret=\"'+t.secret+'\"]'),o=new RegExp(\"^https?:$\",\"i\"),c=0;c<n.length;c++)n[c].style.display=\"none\";for(c=0;c<s.length;c++)if(r=s[c],e.source===r.contentWindow){if(r.removeAttribute(\"style\"),\"height\"===t.message){if(1e3<(a=parseInt(t.value,10)))a=1e3;else if(~~a<200)a=200;r.height=a}if(\"link\"===t.message)if(i=l.createElement(\"a\"),a=l.createElement(\"a\"),i.href=r.getAttribute(\"src\"),a.href=t.value,o.test(a.protocol))if(a.host===i.host)if(l.activeElement===r)d.top.location.href=t.value}}},e)d.addEventListener(\"message\",d.wp.receiveEmbedMessage,!1),l.addEventListener(\"DOMContentLoaded\",t,!1),d.addEventListener(\"load\",t,!1);function t(){if(!n){n=!0;for(var e,t,r=-1!==navigator.appVersion.indexOf(\"MSIE 10\"),i=!!navigator.userAgent.match(\/Trident.*rv:11\\.\/),a=l.querySelectorAll(\"iframe.wp-embedded-content\"),s=0;s<a.length;s++){if(!(e=a[s]).getAttribute(\"data-secret\"))t=Math.random().toString(36).substr(2,10),e.src+=\"#?secret=\"+t,e.setAttribute(\"data-secret\",t);if(r||i)(t=e.cloneNode(!0)).removeAttribute(\"security\"),e.parentNode.replaceChild(t,e)}}}}(window,document);\n\/\/--><!]]>\n<\/script><iframe sandbox=\"allow-scripts\" security=\"restricted\" src=\"https:\/\/www.fo-der.org\/en\/3rd-financial-literacy-and-inclusion-conference\/embed\/\" width=\"600\" height=\"338\" title=\"&#8220;3rd Financial Literacy and Inclusion Conference&#8221; &#8212; FODER\" frameborder=\"0\" marginwidth=\"0\" marginheight=\"0\" scrolling=\"no\" class=\"wp-embedded-content\"><\/iframe>","thumbnail_url":"https:\/\/www.fo-der.org\/en\/wp-content\/uploads\/2014\/05\/PLS_0273.jpg","thumbnail_width":1798,"thumbnail_height":1200,"description":"3. Finansal Okuryazarl\u0131k ve Eri\u015fim Konferans\u0131\u00a0TEB ve FODER i\u015f birli\u011finde hayata ge\u00e7irildi ve finansal bilin\u00e7lenmenin bireysel emeklilik sistemine katk\u0131lar\u0131 konu\u015fuldu. Konferansa kat\u0131lan \u0130ngiltere\u2019nin eski \u00c7al\u0131\u015fma ve Emeklilik Bakan\u0131 Barones Dr. Ros Altmann \u0130ngiltere \u00f6rne\u011finde finansal okuryazarl\u0131k seviyesini art\u0131rman\u0131n bireysel emeklilik sistemine olumlu kat\u0131l\u0131m\u0131 etkiledi\u011fini aktard\u0131."}

3. Finansal Okuryazarlık ve Erişim Konferansı TEB ve FODER iş birliğinde hayata geçirildi ve finansal bilinçlenmenin bireysel emeklilik sistemine katkıları konuşuldu. Konferansa katılan İngiltere’nin eski Çalışma ve Emeklilik Bakanı Barones Dr. Ros Altmann İngiltere örneğinde finansal okuryazarlık seviyesini artırmanın bireysel emeklilik sistemine olumlu katılımı etkilediğini aktardı.
